 What is the units digit of h?
7
Suppose 2*t + 12 = -2*t. Let j be ((-22)/(-6))/(t/(-9)). Suppose -2*v - j = 3*u, 0 = -v - 6*u + 2*u - 18. What is the units digit of v?
2
Let s = -373 - -527. What is the hundreds digit of s?
1
Let a = 52 + -27. Let v = a - 15. What is the tens digit of v?
1
Suppose 0 = -4*t + 2*t. Let f = -2 + t. What is the tens digit of f*(3 + -2)*-5?
1
Suppose 4 = 2*b - 2. Suppose -3*m + 15 = 5*q, m + q + b - 10 = 0. What is the tens digit of m?
1
Let t = -4 + 7. Suppose 5*n - t - 2 = 0. What is the units digit of n?
1
Suppose 0 = 4*t + 148 - 608. What is the hundreds digit of t?
1
Let h(q) = q**3 - 20*q**2 + 21*q - 21. What is the tens digit of h(19)?
1
Let q be (7 - 3) + (1 - 0). Suppose -2*a + q + 3 = 0. Suppose -r - 31 = -x - a*x, -2*x = -3*r - 2. What is the units digit of x?
7
Let b(k) = k**3 + k + 8. Let s be b(0). Let c be (8 - 1) + s/(-4). Suppose -5*a = 15, c*m - a = -4*a + 1. What is the units digit of m?
2
Let g = 60 + -35. What is the units digit of g?
5
What is the tens digit of 38/(4/3*(-3)/(-2))?
1
Suppose -79 + 23 = -4*r. Let s = 21 - r. What is the units digit of s?
7
What is the tens digit of (-2)/10 - (-498)/15?
3
Let d(a) = a**3 + 5*a**2 - 4*a + 2. Let t be d(-6). Let k(n) = -n**2 - 15*n - 14. What is the tens digit of k(t)?
3
What is the units digit of (-6)/4*-2*(-2)/(-3)?
2
Let p(x) = 0*x + 2*x + 3 - x - 2*x. What is the units digit of p(0)?
3
Let a = -10 - -14. Let c(i) be the third derivative of i**4/12 - 2*i**3/3 + i**2. What is the units digit of c(a)?
4
Let s = 21 + -7. What is the units digit of s?
4
What is the hundreds digit of (180 - -2) + -3*(-8)/6?
1
Suppose -3 + 0 = -3*y. Let c = y + 7. What is the units digit of c?
8
Let f(o) = 22*o - 26. What is the tens digit of f(8)?
5
Let s(x) = -11*x - 15. Let n(l) = -16*l - 22. Let y(a) = 5*n(a) - 7*s(a). Suppose 4*h - 3 = -23. What is the units digit of y(h)?
0
Suppose -13 = -4*w + 3. Suppose 0 = -v - w*j - 13, -2*v - 5*j = 3*v + 5. What is the units digit of 0 - -4*(v + -1)?
8
Suppose -y = 3*b - 13, 0 = -7*y + 2*y + 4*b + 8. What is the tens digit of (-112)/(-6) - y/6?
1
Let g(b) = -3*b + 7. Let w be g(5). What is the units digit of (-2 + -1)/(6/w)?
4
Suppose -2 = -2*q + 2. What is the units digit of (-6)/q*(-4)/6?
2
Let o(w) = 4*w - 6. Let z be o(-6). Let b = -6 - z. Suppose -b = -2*i - i. What is the units digit of i?
8
Let z(c) = c**2 + 12*c + 24. Let p be z(-10). Suppose p*b = 60 + 28. What is the units digit of b?
2
Let r be (1/(-2))/((-3)/54). Let b = r - 5. Suppose 3*d = 5*s - 0 - 18, b*s - 3*d - 12 = 0. What is the units digit of s?
6
Suppose k - 2*p - 71 = 0, 0 = -5*k + 2*p + p + 348. What is the units digit of k?
9
Let f be (-1)/(-4)*(10 + -6). Let a(y) = 26*y**3 - y**2 + y - 1. What is the units digit of a(f)?
5
Let q be 18/8 - 1/4. Suppose i - 6 = q*h + 7, 3*i - 27 = 4*h. Let z(s) = -s**2 - 7*s - 5. What is the units digit of z(h)?
1
Let i = 17 + -13. Suppose -2*m - 2*l - 3*l + 65 = 0, -m - i*l = -37. What is the units digit of m?
5
Let l = -1 - -1. Suppose b = j + j - 5, -2*b + 2*j = 2. Suppose b*z + l*z = 18. What is the units digit of z?
6
Let f = -6 - -4. Let o(a) = -a + 1. Let u be o(f). Suppose g + 3*g - 10 = -k, -u*g + 5*k = -19. What is the units digit of g?
3
Suppose 5*x = -5*b - 10, -4*x - 3*b + 3 = 13. Let i = -2 - x. What is the units digit of i?
2
Let y(p) = 12*p**2 - 2*p - 3. What is the tens digit of y(3)?
9
Let m = 11 + -8. Suppose -c + 2*c = m. What is the units digit of c?
3
What is the units digit of 57 - (-3 - (-20)/8)*-2?
6
Let k(u) = 178*u**2 + 4*u - 3. What is the tens digit of k(1)?
7
Suppose 0 = -2*v + 5 + 9. Let w = v + -2. Let c(q) = -q**2 + 6*q + 1. What is the units digit of c(w)?
6
Suppose 2*d - 110 - 58 = 0. Suppose -5*y = -d - 71. What is the units digit of y?
1
Suppose -3*i = 2*n + 20, -n + 5*i = 1 - 4. Let t = -4 - n. What is the units digit of t?
3
Suppose 4*y - 16 = -0, 4*c - 16 = 2*y. Suppose 5*s - 2*s = c. What is the units digit of 5 - (s - 3)/1?
6
Suppose -15 = -3*h, 4*m + 4*h + h = 77. Suppose 2*a - 2*k + m - 3 = 0, -3*k - 17 = 5*a. What is the units digit of 57/21 + a/(-14)?
3
Let t be (6 - 7) + 1*-8. Let d = 25 + t. What is the units digit of d?
6
Suppose o - 5*j - 3 = -3*o, 11 = 4*o + 3*j. Suppose 4*n = 3*u + 27, -o*n + 3*u = -0*n - 21. What is the units digit of n?
3
Let a(r) = 9*r - 1 - r + r. What is the units digit of a(3)?
6
What is the tens digit of 670/20 + 2/(-4)?
3
Suppose 0 = 4*t - 49 - 35. Let s = t - 11. What is the tens digit of s?
1
Suppose s - 6*s + 1590 = 0. What is the hundreds digit of s?
3
Let j be 6*(-3 + 3 + 1). What is the units digit of (3/j)/(3/144)?
4
Suppose -2*v + 38 - 12 = 0. What is the tens digit of v?
1
Let z(c) = -2*c**3 - 2*c**2 + 5*c + 4. Let q be (9/6)/(1/(-2)). What is the units digit of z(q)?
5
Suppose -26*d = -33*d + 525. What is the units digit of d?
5
Let p(a) = -a**2 - 9*a + 9. Suppose 6 = 4*d + 42. What is the units digit of p(d)?
9
Let w(z) = -z**3 - 3*z**2 - z - 1. Let h be w(-3). Suppose -5*t = -5*j - 105, -h*t - 2*t - 2*j + 66 = 0. Let a = 26 - t. What is the units digit of a?
8
Let y(a) = a**3 - 6*a**2 - 4*a + 4. Let k be y(6). Let s = -12 - k. What is the units digit of s?
8
What is the tens digit of (-346)/(-8) - 12/48?
4
Let k(d) = -d**2 - 14*d + 5. Let b(h) be the first derivative of h**2/2 - h - 2. Let t(i) = -6*b(i) - k(i). What is the units digit of t(-8)?
1
Suppose -732 = -3*r + 2*p, -2*p - 1224 = -10*r + 5*r. What is the hundreds digit of r?
2
Let c(o) = -o**3 - 5*o**2 - 5*o + 3. Let m = 7 - 12. Let a be c(m). Suppose 4*b = 5*l - 7, 2*l = -5*b + a - 12. What is the units digit of l?
3
Let d = -29 - -15. Let b(s) = 3*s - 7. Let z be b(-5). Let j = d - z. What is the units digit of j?
8
Let w = 6 + -18. Let x = w + 8. What is the units digit of 2 - (-9)/(-2)*x?
0
Suppose -g + 2 - 7 = 0. Let h be g*(-6 - -1)/1. Suppose 3*i - h = -2*i. What is the units digit of i?
5
Let d = 14 + -19. Let h(l) = -l**3 - 6*l**2 - 7*l - 2. What is the units digit of h(d)?
8
Let j = 12 + -3. What is the units digit of j?
9
Let f be 0 + (2 - 2) + 3. Suppose -f*w = -0*w - 93. What is the tens digit of w?
3
Let m(g) = -5*g**2 - 3*g + 4. Suppose -5*z - 6 = 14. Let j(w) = -14*w**2 - 8*w + 12. Let f(s) = z*j(s) + 11*m(s). What is the units digit of f(4)?
8
Suppose 16*n = 8*n + 1512. What is the units digit of n?
9
Suppose -7*r = 5*r - 3288. What is the units digit of r?
4
Let b = -111 + 159. Suppose 3*u + 18 = b. What is the tens digit of u?
1
Suppose -4*s + 9*s = 315. What is the units digit of s?
3
Let p = -4 - -2. Let c be (1 + (-1 - -3))*p. What is the units digit of 1*(c/(-2) + -2)?
1
Suppose 0 = 4*g + l + 11, -2*g + 0*l = 4*l - 12. What is the tens digit of (g/(-3))/((-10)/(-75))?
1
Let h be (4/(-12))/(1/(-9)). Let w be (-1)/(h/12)*2. What is the units digit of (-2)/8 + (-10)/w?
1
Let n(r) = -2*r - 6. Let p be n(-6). What is the units digit of 3/(7 - 1)*p?
3
Suppose 201 = 3*l - 75. What is the units digit of l?
2
Let a be (-4)/(-26) + 6/(-39). Suppose a = 2*i - 39 - 9. What is the tens digit of i?
2
Let m be (-12)/10*10/4. What is the units digit of (7 - 1)*(-5)/m?
0
Let g(s) = s**3 - 6*s**2 - 6*s + 2. Let b be 0/3 + (1 - -6). Let j be g(b). Suppose -4*p - 2*q + 14 = 0, -p + 2*q = -0*q + j. What is the units digit of p?
1
Suppose -t + 2 + 4 = 0. Suppose 3*h - 5*n = 7 + 1, -5*n = -h + t. What is the units digit of h/(-4) + (-36)/(-16)?
2
What is the tens digit of 3/9*-3*-58?
5
Let x = -8 - -3. Let o = 12 - x. What is the tens digit of o?
1
Suppose -3*r = 25 + 11. Let p = 10 - -12. Let b = p + r. What is the tens digit of b?
1
Let v = -171 - -329. What is the tens digit of v?
5
Suppose -6*a = -4*r - a + 233, 2*r = -4*a + 84. What is the tens digit of r?
5
Let z(a) = -a**3 - 2*a**2 + 3*a + 1. Let r be z(-3). Suppose -4*p = -3*c - 4, p - 4*c - 2 = -r. What is the units digit of -13*(p - 2/1)?
3
Suppose -21*o + 2730 = -7*o. What is the hundreds digit of o?
1
Suppose 10 = v + 5*t, -2 = -v + 2*v - t. Suppose v = -4*c + 3*o + 9, 3*o + 2*o = -5*c + 20. What is the units digit of c?
3
Let f be (-145)/(-10)*(2 + 0). Suppose -3*p + f = 2*l, 9*l = 2*p + 4*l - 13. What is the units digit of p?
9
Let h be ((-3)/2)/((-9)/12). Suppose 52 = 2*p + h*p. What is the units digi